1.
-1
(85 - (-40 - -165)) + 151
111
What is -107 + -31 + 135 - (-1 + 20)?
-22
What is the value of -1 + -77 + -19 + (193 - 175 - (9 + -2))?
-86
What is the value of -5 + 14 + -36 + 70?
43
Evaluate 1 - 22 - (-1 + 12 + -1131 + 1111).
-12
-31 - -20 - 1 - (1 - 99 - (0 - -5))
91
Calculate 185 + -61 - (-1 + 41).
84
Calculate (-2 - 15 - (-42 + 84 - 26)) + (1 - -5).
-27
Calculate (0 + -8 - (1 + (-12 - (-1 + -3)))) + -22.
-23
Calculate 27 + 12 - 32 - ((-2 - 0) + -1 + -67).
77
(36 - 17) + 24 + -3 + -8
32
What is the value of -4 - 0 - (-89 + 58 - -9)?
18
What is 80 - ((64 - -4) + (-66 - -22))?
56
(-1 - -3) + -1 + -7 + -7 + -9 + 10
-12
(28 - 38) + 4 + (7 - 10) + 15 + 19
25
Calculate (-10 - -1) + -21 + -54 + 26 + -5 + 8.
-55
(28 - -15) + -32 + (-10 - -1)
2
What is the value of (-131 - -273) + -90 + 27 + -2?
77
Calculate 136 + -115 + 2 + 5 + -3 + -1 + -4.
20
Evaluate (2 + 8 - (18 + -22 - 1)) + 1.
16
What is the value of (-24 - (33 + 26)) + (9 - 4)?
-78
What is (-238 - -231) + -16 + (-7 - -3)?
-27
(20 - 71) + 12 - -46
7
Calculate 3 + (0 + 7 - (40 + (24 - 63))).
9
31 - 26 - 20 - (-1 + -4 - 0)
-10
Calculate -41 + 23 + (4 + 3 - (-3 - -20)) + 2.
-26
Evaluate 37 - (5 - ((-1 + 6 - -16) + -11 - 9)).
33
Evaluate -8 + -1 + 6 + (-12 - 2 - 8).
-25
What is (-108 + 37 - -37) + 11 - -30?
7
What is -92 - (4 + 18 + -23 + -11 + 11)?
-91
What is 91 + -21 + 18 - 150?
-62
What is the value of -13 + 15 - 4 - -11 - (63 + 0)?
-54
-291 + 86 + 115 - 18
-108
What is 3 - 57 - (22 + -57 + 27)?
-46
What is the value of -1 + 26 + (17 + 59 - 71)?
30
What is -8 + 0 + -32 + (48 - -29)?
37
Evaluate 21 + (-3 + -20 - -22 - 0) - -87.
107
Calculate 5 - (-5 + -29 - (-61 + 69)).
47
What is -7 - 23 - (-19 + (-4 - 11))?
4
What is the value of (-27 + 3 - -5) + (8 - -8) + -28 + 3?
-28
(11 - (-37 + 19)) + 8
37
What is the value of -36 - (-86 - (-47 + -19))?
-16
0 - 7 - ((-14 - 1) + 190 + -185)
3
What is the value of -6 + (2 + 0 - (-785 - -806))?
-25
What is -8 - -49 - (-9 - 0 - (-2 - (0 + 8)))?
40
Evaluate 47 + (-1 - (-5 + 21 + (-4 - 4))).
38
(10 - -11) + -8 + -1 + 52 + -13 + -31
20
Calculate -21 - (-15 + (12 - 16) - -3) - 2.
-7
-40 - 122 - (-18 + -62)
-82
Evaluate -8 + (2 - (174 - 101)).
-79
Evaluate 0 - (-1 - -6 - -5 - (-13 + 23 - 9)).
-9
What is 4 - 12 - (-17 - 15) - -26 - -1?
51
3 + 1 - (21 + -10 + -16) - -6
15
Evaluate 22 - (-11 - (54 - -1 - 20)).
68
Calculate (8 - (55 + -68)) + -58.
-37
Evaluate -26 + (33 - -5 - 39).
-27
-8 + -1 - 2 - (38296 + -38289)
-18
Calculate -39 + -2 - (-25 - -46 - 17).
-45
Evaluate -66 + -47 + 155 + -80.
-38
32 + (-39 + 59 + -3 - -33)
82
What is the value of 10 + 5 + -77 + 67?
5
-14 + 1 - ((-7 + 11 - 29) + 7) - -88
93
What is the value of -150 - (-226 + 22 - -166)?
-112
Evaluate (35 - 152) + (-75 - -145).
-47
Calculate (21 - (7 - -52)) + 1 + 6.
-31
What is 97 - (68 + 10 + -64 + 10)?
73
Evaluate 0 + -15 - (-751 - -788).
-52
7 + -5 - ((-1 - (3 + -9)) + 16)
-19
Evaluate -31 + (3 - (-7 - -1)) - (-38 + 27).
-11
Calculate -14 + 110 + (-109 - -66).
53
Evaluate 17 + (-7 - (-14 + 2)) + -12 - -6.
16
What is the value of 7 + 95 + -922 + 868?
48
What is -2 + -2 + -3 + -54 + 65 - (13 - 0)?
-9
-17 + 25 - (14 + (-1 - (4 + -3 + 3)))
-1
What is 87 + 86 + -33 + -121?
19
(2 - (-1 - -19 - 60) - 13) + -6
25
-4 + (-144 + 112 + -23 - (10 + 2 + -3))
-68
What is 172 + -229 + 105 + 49?
97
Evaluate (-187 - -126) + (22 - -1) + 3.
-35
What is -67 - (12 + -15 + 30 + -13 + -19)?
-62
What is the value of 74 + (9 - (50 + 23))?
10
What is the value of -127 + 163 + -69 - -86?
53
What is (-101 - -52) + -86 + 78?
-57
-118 + 9 - (30 - (34 + 5))
-100
What is (510 + -432 - (17 + 1)) + -15?
45
What is -66 - (-89 + 97 - 63)?
-11
Evaluate (4 - 31) + -23 - -34.
-16
What is the value of -2 - (-11 - 1) - (-8 - -6)?
12
-9 + ((-82 - 15) + (-5 + 4 - -14) - -5)
-88
Evaluate (-16 + 39 - (3 + 40)) + 35 - 72.
-57
What is -34 + -24 + 32 + 26?
0
-75 - (-28 + -65 - -89)
-71
Evaluate (87 + (-1 - (-1 - -1)) - (-291 + 300)) + 3.
80
What is the value of -2 + 4 - 62 - (1 + 22 - (538 - 511))?
-56
What is -12 - -1 - (-167 + 165) - (-37 - 1)?
29
8 + (5 + -1 - (1 - -2 - (-133 - -92)))
-32
-14 - ((-7 - 1) + 7 + -13 + 13) - -47
34
Evaluate (23 - (23 + -11) - 10) + 13.
14
-3429 + 3422 - (-4 + -3 + (0 - 1))
1
What is (11 - 53) + 34 - (0 - (-1 - 16))?
-25
Evaluate (2 - 3) + ((39 - 62) + 13 - (2 + -48)).
35
-14 - 14 - (-146 - -193)
-75
What is -12 + 10 - 21 - (16 + -46)?
7
Calculate (-3 - (4 - 2)) + (61 - 47) + 18.
27
Evaluate -1 + (-3 - (-3 + -2)) + -24 + 20 + 81.
78
Evaluate -12 + 27 + -23 + -33.
-41
What is -2 + 1 + 2 - -50 - (3200 + -3195)?
46
Calculate -79 + -1 + 22899 + -22922.
-103
What is -45 + -9 + (-9 - -7 - (-11 - -16))?
-61
What is 25 - (0 + 25 + 76 + (-70 - 10))?
4
(26 - 1) + -2 + 755 + -774 - -44
48
What is the value of (-9 - 2) + (75 - 40 - -75 - -24)?
123
(-36 - 25 - -78) + -4 + 37
50
Calculate -48 - (31 - (-19 - -29 - -29)).
-40
What is the value of 461 + -444 + (-3 - -5) + -18?
1
What is -22 + 122 + -13 + -11 + 5?
81
Evaluate (7 + -14 - (-8 + 2)) + -11 - -2.
-10
What is -2718 + 2714 + (90 - 4)?
82
What is (16 - 2) + ((-20 + 22 - -10) + 49 - -22)?
97
-37 - (31 - (26 + 71 + -35))
-6
Evaluate -1 + 2 - (51 - 9 - 44) - (0 - -48).
-45
What is (-84 - -119) + -67 - 34?
-66
-1076 + 1101 + (-40 - 0) - -47
32
What is the value of 5 - 56 - (-103 - -92 - (0 - 0))?
-40
What is -53 + -35 + (38 - -129)?
79
What is the value of -27 + 31 + (-1 - 19) + (-607 - -577)?
-46
Evaluate 6624 - 6637 - (2 + 0 + 1) - (10 - 0).
-26
Evaluate (17 - -13) + (-5 - (-5 + (-8 - 4))).
42
Evaluate (-5 - -89 - (16 + 18)) + 12.
62
Evaluate (-85 - -28 - -46 - -37) + -98.
-72
What is 20 + (-1 - -2) + -231 + 199 + 32 + -11?
10
What is -7 - -2 - (7 + 11 + -17 - 14)?
8
What is the value of 34 + (-3 - 45) - (-2 - -49) - -10?
-51
1 + (41 - (14 - -17)) + 50
61
Calculate (-27 - (-4 + -56)) + -23 + 15.
25
Calculate 3 + 82 - ((45 - 89) + 23).
106
What is the value of (3 - (0 - -35)) + 4?
-28
Evaluate 29 + 2 + (-33 + 58 - 33).
23
Calculate 169 + (-42 + -79 - -33).
81
What is -152 - (-126 + 0 - -9)?
-35
Evaluate -54 - -28 - -37 - (-29 - -23).
17
Calculate -115 + -1 + (-1414 - -1544).
14
Evaluate (-46 - -16) + (43 - 22) - 4.
-13
Evaluate 34 + (-9 - 5) + -6 + -13.
1
What is the value of 80 + -103 - (10 + -26)?
-7
Evaluate 36 + (53 - -121) - 74.
136
4 + (-28 + 51 + -31 - (-5 + 7 - -2))
-8
82 + -190 + (31 - -17)
-60
What is 37 - (-292 + 273 + (2 - 1))?
55
Evaluate (-118 + 117 - ((52 - -5) + -5)) + 7.
-46
What is (0 - -31) + -1852 + 1783?
-38
(-92 - -13) + 14 + -10 + 6 + -3
-72
What is the value of -18 - (-1 + -31 - (-101 - -83)) - 17?
-21
What is the value of (557 - 556 - (-1 + -9) - -1) + -32?
-20
What is the value of 32 + (-3 - (-5 + -12 - -56))?
-10
Calculate 1 + (-2 - (-27 - 0)) - (-1303 - -1315).
14
(2 - -4) + -47 + (-44 + 88 - 22)
-19
Evaluate -13 - (4 + 1 + (37 - 54) - 11).
10
Evaluate (291 - 323) + (145 - (0 - 5)).
118
What is (1 - 2) + (62 - 50) + -3 - (-9 - 30)?
47
-57 + -101 + 146 + (-26 - 1)
-39
What is -4 - (12 + 7) - (11 + -27) - 38?
-45
(-13 - (11 + -4 - 16)) + (3 - 5 - 82)
-88
Calculate -17 + (9 - (10 - (-7 + 12)) - -4) - 3.
-12
What is the value of 120 + -126 + (0 - (36 - (8 - (-1 - -7))))?
-40
Evaluate (39 - 27) + 12 + -16 - -61.
69
What is 29 - (71 + 24 + -98 + -1 + -2)?
35
Evaluate -54 + -8 + 2 + -5 + -1 + 6 + -5.
-65
Evaluate -62 - (-49 - (4 - 32)).
-41
Calculate -2 + 16 - (165 + -146) - -34.
29
(-15 + -7 - -21) + (9 - -6)
14
What is (1 - (-17 - -5)) + 2 + (553 - 632)?
-64
42 - (40 + -26 - -68)
-40
-660 + 673 + -43 + 3 + -74
-101
73 - (3 + -6 - -12 - (349 - 344))
69
What is -5 - -8 - 7 - (8 + (16 - -1))?
-29
Calculate -8 + (19 - 9 - (1 - -2) - 35).
-36
What is (-4 - (20 + -5 - 17)) + (22 - 0)?
20
Calculate 6 - (57 - (16 - 8)).
-43
What is the value of -20 - -14 - (-4 - -9) - (15 + 1)?
-27
What is the value of 79 + 2 + -14 + -12 + 13 - -2?
70
23 + (13 + 38 - 95)
-21
What is 36 + 14 + (-5 - 4)?
41
27 - (6 + (-6 - 2 - 11) + 6)
34
Calculate 3847 + -3904 - (23 - 2 - 1).
-77
(-27 - 3) + 7 + -30 + 53 - -14
14
Evaluate -33 + -54 - -177 - 98.
-8
Calculate 18 - 4 - 19 - (11 - -51).
-67
-64 - (6 - (16 + -8 + 6) - (6 + -2))
-52
What is the value of -16 - (40 + -51) - 23?
-28
What is the value of -3 + -11 + (-309 - -324)?
1
(14 - (-39 + -10)) + 33 + -53
43
What is 100